{"id":342,"date":"2023-08-23T14:03:22","date_gmt":"2023-08-23T14:03:22","guid":{"rendered":"http:\/\/poultryimmunopathogenesis.com\/?page_id=342"},"modified":"2026-02-27T20:29:22","modified_gmt":"2026-02-27T20:29:22","slug":"microbiologia-veterinaria","status":"publish","type":"page","link":"http:\/\/poultryimmunopathogenesis.com\/index.php\/microbiologia-veterinaria\/","title":{"rendered":"Microbiolog\u00eda Veterinaria"},"content":{"rendered":"\n<h2 class=\"wp-block-heading\" style=\"font-size:27px\">Facultad de Medicina Veterinaria y Zootecnia<br>Universidad del Tolima<br>IV Semestre<\/h2>\n\n\n\n<p class=\"has-background has-medium-font-size\" style=\"background-color:#f4efef\">Prof. <strong>Iang Schroniltgen Rond\u00f3n Barrag\u00e1n<\/strong>, MVZ, MSc, PhD.<br><strong>ORCID:\u00a0<\/strong><a href=\"https:\/\/orcid.org\/0000-0001-6980-892X\">0000-0001-6980-892X<\/a><br><strong>CvLac:\u00a0<\/strong>0000796131<br>isrondon@ut.edu.co<br><br>Prof. <strong>Nicolas Carrillo Godoy, <\/strong>MVZ, (c)MSc<br>Micologia Veterinaria<br>Virolog\u00eda veterinaria<br><br>Prof. <strong>Christian Camilo Pati\u00f1o Valencia<\/strong>, MVZ<br>Auxiliar de Laboratorio<\/p>\n\n\n\n<p><\/p>\n\n\n\n<p><\/p>\n\n\n\n<h2 class=\"wp-block-heading has-text-color has-background has-x-large-font-size\" style=\"color:#fd0101;background-color:#fefefe\">Laboratorio<\/h2>\n\n\n\n<h2 class=\"wp-block-heading\">Antibiograma<\/h2>\n\n\n\n<figure class=\"wp-block-embed is-type-video is-provider-youtube wp-block-embed-youtube wp-embed-aspect-16-9 wp-has-aspect-ratio\"><div class=\"wp-block-embed__wrapper\">\n<iframe loading=\"lazy\" title=\"Test de susceptibilidad a antibi\u00f3ticos, m\u00e9todo Kirby-Bauer - LIBM UT\" width=\"604\" height=\"340\" src=\"https:\/\/www.youtube.com\/embed\/okXh6PE5oeU?feature=oembed\" frameborder=\"0\" allow=\"accelerometer; autoplay; clipboard-write; encrypted-media; gyroscope; picture-in-picture; web-share\" referrerpolicy=\"strict-origin-when-cross-origin\" allowfullscreen><\/iframe>\n<\/div><\/figure>\n\n\n\n<p><\/p>\n\n\n\n<p><\/p>\n\n\n\n<h2 class=\"wp-block-heading\">Reacci\u00f3n en Cadena de la Polimerasa (Polymerase Chain Reaction &#8211; PCR)<\/h2>\n\n\n\n<figure class=\"wp-block-embed is-type-video is-provider-youtube wp-block-embed-youtube wp-embed-aspect-16-9 wp-has-aspect-ratio\"><div class=\"wp-block-embed__wrapper\">\n<iframe loading=\"lazy\" title=\"Procedimiento experimental para la reacci\u00f3n en cadena de la polimerasa (PCR) - LIBM\" width=\"604\" height=\"340\" src=\"https:\/\/www.youtube.com\/embed\/uOjuhOe_-v4?feature=oembed\" frameborder=\"0\" allow=\"accelerometer; autoplay; clipboard-write; encrypted-media; gyroscope; picture-in-picture; web-share\" referrerpolicy=\"strict-origin-when-cross-origin\" allowfullscreen><\/iframe>\n<\/div><\/figure>\n\n\n\n<p><\/p>\n\n\n\n<p><\/p>\n\n\n\n<h2 class=\"wp-block-heading\">Montaje de PCR<\/h2>\n\n\n\n<figure class=\"wp-block-embed is-type-video is-provider-youtube wp-block-embed-youtube wp-embed-aspect-16-9 wp-has-aspect-ratio\"><div class=\"wp-block-embed__wrapper\">\n<iframe loading=\"lazy\" title=\"Montaje de PCR   Curso de PCR   LIBM   UT\" width=\"604\" height=\"340\" src=\"https:\/\/www.youtube.com\/embed\/cI0n-LailyI?feature=oembed\" frameborder=\"0\" allow=\"accelerometer; autoplay; clipboard-write; encrypted-media; gyroscope; picture-in-picture; web-share\" referrerpolicy=\"strict-origin-when-cross-origin\" allowfullscreen><\/iframe>\n<\/div><\/figure>\n\n\n\n<p><\/p>\n\n\n\n<p><\/p>\n\n\n\n<p><\/p>\n\n\n\n<h2 class=\"wp-block-heading\">Micropipetas: manejo<\/h2>\n\n\n\n<figure class=\"wp-block-embed is-type-video is-provider-youtube wp-block-embed-youtube wp-embed-aspect-16-9 wp-has-aspect-ratio\"><div class=\"wp-block-embed__wrapper\">\n<iframe loading=\"lazy\" title=\"Uso de una micropipeta   LIBM   UT\" width=\"604\" height=\"340\" src=\"https:\/\/www.youtube.com\/embed\/QUfzi0ws18Q?feature=oembed\" frameborder=\"0\" allow=\"accelerometer; autoplay; clipboard-write; encrypted-media; gyroscope; picture-in-picture; web-share\" referrerpolicy=\"strict-origin-when-cross-origin\" allowfullscreen><\/iframe>\n<\/div><\/figure>\n\n\n\n<p><\/p>\n\n\n\n<p><\/p>\n\n\n\n<h2 class=\"wp-block-heading\">Electroforesis en gel de agarosa<\/h2>\n\n\n\n<figure class=\"wp-block-embed is-type-video is-provider-youtube wp-block-embed-youtube wp-embed-aspect-16-9 wp-has-aspect-ratio\"><div class=\"wp-block-embed__wrapper\">\n<iframe loading=\"lazy\" title=\"Electroforesis horizontal en gel de agarosa - LIBM\" width=\"604\" height=\"340\" src=\"https:\/\/www.youtube.com\/embed\/_0YzzpiJS4o?feature=oembed\" frameborder=\"0\" allow=\"accelerometer; autoplay; clipboard-write; encrypted-media; gyroscope; picture-in-picture; web-share\" referrerpolicy=\"strict-origin-when-cross-origin\" allowfullscreen><\/iframe>\n<\/div><\/figure>\n\n\n\n<p><\/p>\n\n\n\n<p><\/p>\n\n\n\n<h2 class=\"wp-block-heading\">Preparaci\u00f3n de un gel de Agarosa<\/h2>\n\n\n\n<figure class=\"wp-block-embed is-type-video is-provider-youtube wp-block-embed-youtube wp-embed-aspect-16-9 wp-has-aspect-ratio\"><div class=\"wp-block-embed__wrapper\">\n<iframe loading=\"lazy\" title=\"Preparaci\u00f3n de un gel  de agarosa - Curso de PCR   LIBM   UT\" width=\"604\" height=\"340\" src=\"https:\/\/www.youtube.com\/embed\/ve6n5rxvIjg?feature=oembed\" frameborder=\"0\" allow=\"accelerometer; autoplay; clipboard-write; encrypted-media; gyroscope; picture-in-picture; web-share\" referrerpolicy=\"strict-origin-when-cross-origin\" allowfullscreen><\/iframe>\n<\/div><\/figure>\n\n\n\n<p><\/p>\n\n\n\n<p><\/p>\n\n\n\n<h2 class=\"wp-block-heading\">Electroforesis en gel de poliacrilamida<\/h2>\n\n\n\n<figure class=\"wp-block-embed is-type-video is-provider-youtube wp-block-embed-youtube wp-embed-aspect-16-9 wp-has-aspect-ratio\"><div class=\"wp-block-embed__wrapper\">\n<iframe loading=\"lazy\" title=\"Electroforesis vertical de fragmentos de ADN en gel de poliacrilamida - LIBM\" width=\"604\" height=\"340\" src=\"https:\/\/www.youtube.com\/embed\/Fg98Jrx13MU?feature=oembed\" frameborder=\"0\" allow=\"accelerometer; autoplay; clipboard-write; encrypted-media; gyroscope; picture-in-picture; web-share\" referrerpolicy=\"strict-origin-when-cross-origin\" allowfullscreen><\/iframe>\n<\/div><\/figure>\n\n\n\n<p><a href=\"\"><\/a><\/p>\n","protected":false},"excerpt":{"rendered":"<p>Facultad de Medicina Veterinaria y ZootecniaUniversidad del TolimaIV Semestre Prof. Iang Schroniltgen Rond\u00f3n Barrag\u00e1n, MVZ, MSc, PhD.ORCID:\u00a00000-0001-6980-892XCvLac:\u00a00000796131isrondon@ut.edu.co Prof. Nicolas Carrillo Godoy, MVZ, (c)MScMicologia VeterinariaVirolog\u00eda veterinaria Prof. Christian Camilo Pati\u00f1o Valencia, MVZAuxiliar de Laboratorio Laboratorio Antibiograma Reacci\u00f3n en Cadena de la Polimerasa (Polymerase Chain Reaction &#8211; PCR) Montaje de PCR Micropipetas: manejo Electroforesis en gel de &hellip; <a href=\"http:\/\/poultryimmunopathogenesis.com\/index.php\/microbiologia-veterinaria\/\" class=\"more-link\">Seguir leyendo <span class=\"screen-reader-text\">Microbiolog\u00eda Veterinaria<\/span> <span class=\"meta-nav\">&rarr;<\/span><\/a><\/p>\n","protected":false},"author":2,"featured_media":0,"parent":0,"menu_order":0,"comment_status":"closed","ping_status":"closed","template":"","meta":{"_monsterinsights_skip_tracking":false,"_monsterinsights_sitenote_active":false,"_monsterinsights_sitenote_note":"","_monsterinsights_sitenote_category":0,"footnotes":""},"_links":{"self":[{"href":"http:\/\/poultryimmunopathogenesis.com\/index.php\/wp-json\/wp\/v2\/pages\/342"}],"collection":[{"href":"http:\/\/poultryimmunopathogenesis.com\/index.php\/wp-json\/wp\/v2\/pages"}],"about":[{"href":"http:\/\/poultryimmunopathogenesis.com\/index.php\/wp-json\/wp\/v2\/types\/page"}],"author":[{"embeddable":true,"href":"http:\/\/poultryimmunopathogenesis.com\/index.php\/wp-json\/wp\/v2\/users\/2"}],"replies":[{"embeddable":true,"href":"http:\/\/poultryimmunopathogenesis.com\/index.php\/wp-json\/wp\/v2\/comments?post=342"}],"version-history":[{"count":21,"href":"http:\/\/poultryimmunopathogenesis.com\/index.php\/wp-json\/wp\/v2\/pages\/342\/revisions"}],"predecessor-version":[{"id":670,"href":"http:\/\/poultryimmunopathogenesis.com\/index.php\/wp-json\/wp\/v2\/pages\/342\/revisions\/670"}],"wp:attachment":[{"href":"http:\/\/poultryimmunopathogenesis.com\/index.php\/wp-json\/wp\/v2\/media?parent=342"}],"curies":[{"name":"wp","href":"https:\/\/api.w.org\/{rel}","templated":true}]}}